{"id":1551,"date":"2025-06-11T12:12:37","date_gmt":"2025-06-11T15:12:37","guid":{"rendered":"https:\/\/larioja.edu.ar\/?page_id=1551"},"modified":"2025-06-17T12:32:47","modified_gmt":"2025-06-17T15:32:47","slug":"estadisticas","status":"publish","type":"page","link":"https:\/\/larioja.edu.ar\/index.php\/estadisticas\/","title":{"rendered":"Estad\u00edsticas"},"content":{"rendered":"\t\t<div data-elementor-type=\"wp-page\" data-elementor-id=\"1551\" class=\"elementor elementor-1551\" data-elementor-post-type=\"page\">\n\t\t\t\t<div class=\"elementor-element elementor-element-67b5bfc6 e-flex e-con-boxed e-con e-parent\" data-id=\"67b5bfc6\" data-element_type=\"container\" data-e-type=\"container\">\n\t\t\t\t\t<div class=\"e-con-inner\">\n\t\t\t\t<div class=\"elementor-element elementor-element-4079f28 elementor-widget elementor-widget-spacer\" data-id=\"4079f28\" data-element_type=\"widget\" data-e-type=\"widget\" data-widget_type=\"spacer.default\">\n\t\t\t\t<div class=\"elementor-widget-container\">\n\t\t\t\t\t\t\t<div class=\"elementor-spacer\">\n\t\t\t<div class=\"elementor-spacer-inner\"><\/div>\n\t\t<\/div>\n\t\t\t\t\t\t<\/div>\n\t\t\t\t<\/div>\n\t\t\t\t<div class=\"elementor-element elementor-element-51bfc88d elementor-widget elementor-widget-text-editor\" data-id=\"51bfc88d\" data-element_type=\"widget\" data-e-type=\"widget\" data-widget_type=\"text-editor.default\">\n\t\t\t\t<div class=\"elementor-widget-container\">\n\t\t\t\t\t\t\t\t\t\n<h3 style=\"text-align: center;\"><strong>Incentivo Provincial para la Ense\u00f1anza (IPE)<\/strong><\/h3>\n\n<blockquote class=\"wp-block-quote is-layout-flow wp-block-quote-is-layout-flow\">\n<p>El Gobierno de La Rioja en acuerdo paritario provincial con los gremios, determin\u00f3 el pago del Incentivo Provincial para la Ense\u00f1anza (IPE), para los ciclos lectivos 2024 y 2025.<\/p>\n<\/blockquote>\n\n<p><\/p>\n\t\t\t\t\t\t\t\t<\/div>\n\t\t\t\t<\/div>\n\t\t\t\t\t<\/div>\n\t\t\t\t<\/div>\n\t\t<div class=\"elementor-element elementor-element-de8d962 e-flex e-con-boxed e-con e-parent\" data-id=\"de8d962\" data-element_type=\"container\" data-e-type=\"container\">\n\t\t\t\t\t<div class=\"e-con-inner\">\n\t\t\t\t<div class=\"elementor-element elementor-element-e8e9554 elementor-widget elementor-widget-text-editor\" data-id=\"e8e9554\" data-element_type=\"widget\" data-e-type=\"widget\" data-widget_type=\"text-editor.default\">\n\t\t\t\t<div class=\"elementor-widget-container\">\n\t\t\t\t\t\t\t\t\t<h4 style=\"text-align: center;\"><strong>Gr\u00e1ficos estad\u00edsticos<\/strong><\/h4>\t\t\t\t\t\t\t\t<\/div>\n\t\t\t\t<\/div>\n\t\t\t\t<div class=\"elementor-element elementor-element-3925b64 elementor-widget elementor-widget-html\" data-id=\"3925b64\" data-element_type=\"widget\" data-e-type=\"widget\" data-widget_type=\"html.default\">\n\t\t\t\t<div class=\"elementor-widget-container\">\n\t\t\t\t\t<iframe width=\"1000\" height=\"763\" src=\"https:\/\/lookerstudio.google.com\/embed\/reporting\/24eb9218-1f6c-470f-9485-82687065ed6e\/page\/fMcHF\" frameborder=\"0\" style=\"border:0\" allowfullscreen sandbox=\"allow-storage-access-by-user-activation allow-scripts allow-same-origin allow-popups allow-popups-to-escape-sandbox\"><\/iframe>\t\t\t\t<\/div>\n\t\t\t\t<\/div>\n\t\t\t\t\t<\/div>\n\t\t\t\t<\/div>\n\t\t\t\t<\/div>\n\t\t","protected":false},"excerpt":{"rendered":"<p>Incentivo Provincial para la Ense\u00f1anza (IPE) El Gobierno de La Rioja en acuerdo paritario provincial con los gremios, determin\u00f3 el pago del Incentivo Provincial para la Ense\u00f1anza (IPE), para los ciclos lectivos 2024 y 2025. Gr\u00e1ficos estad\u00edsticos<\/p>\n","protected":false},"author":2,"featured_media":0,"parent":0,"menu_order":0,"comment_status":"closed","ping_status":"closed","template":"page-templates\/template-fullwidth.php","meta":{"_themeisle_gutenberg_block_has_review":false,"footnotes":""},"class_list":["post-1551","page","type-page","status-publish","hentry"],"_links":{"self":[{"href":"https:\/\/larioja.edu.ar\/index.php\/wp-json\/wp\/v2\/pages\/1551","targetHints":{"allow":["GET"]}}],"collection":[{"href":"https:\/\/larioja.edu.ar\/index.php\/wp-json\/wp\/v2\/pages"}],"about":[{"href":"https:\/\/larioja.edu.ar\/index.php\/wp-json\/wp\/v2\/types\/page"}],"author":[{"embeddable":true,"href":"https:\/\/larioja.edu.ar\/index.php\/wp-json\/wp\/v2\/users\/2"}],"replies":[{"embeddable":true,"href":"https:\/\/larioja.edu.ar\/index.php\/wp-json\/wp\/v2\/comments?post=1551"}],"version-history":[{"count":16,"href":"https:\/\/larioja.edu.ar\/index.php\/wp-json\/wp\/v2\/pages\/1551\/revisions"}],"predecessor-version":[{"id":1750,"href":"https:\/\/larioja.edu.ar\/index.php\/wp-json\/wp\/v2\/pages\/1551\/revisions\/1750"}],"wp:attachment":[{"href":"https:\/\/larioja.edu.ar\/index.php\/wp-json\/wp\/v2\/media?parent=1551"}],"curies":[{"name":"wp","href":"https:\/\/api.w.org\/{rel}","templated":true}]}}

Estadísticas

<div data-elementor-type="wp-page" data-elementor-id="1551" class="elementor elementor-1551" data-elementor-post-type="page">
				<div class="elementor-element elementor-element-67b5bfc6 e-flex e-con-boxed e-con e-parent" data-id="67b5bfc6" data-element_type="container" data-e-type="container">
					<div class="e-con-inner">
				<div class="elementor-element elementor-element-4079f28 elementor-widget elementor-widget-spacer" data-id="4079f28" data-element_type="widget" data-e-type="widget" data-widget_type="spacer.default">
				<div class="elementor-widget-container">
							<div class="elementor-spacer">
			<div class="elementor-spacer-inner"></div>
		</div>
						</div>
				</div>
				<div class="elementor-element elementor-element-51bfc88d elementor-widget elementor-widget-text-editor" data-id="51bfc88d" data-element_type="widget" data-e-type="widget" data-widget_type="text-editor.default">
				<div class="elementor-widget-container">
									
<h3 style="text-align: center;"><strong>Incentivo Provincial para la Enseñanza (IPE)</strong></h3>

<blockquote class="wp-block-quote is-layout-flow wp-block-quote-is-layout-flow">
<p>El Gobierno de La Rioja en acuerdo paritario provincial con los gremios, determinó el pago del Incentivo Provincial para la Enseñanza (IPE), para los ciclos lectivos 2024 y 2025.</p>
</blockquote>

<p></p>
								</div>
				</div>
					</div>
				</div>
		<div class="elementor-element elementor-element-de8d962 e-flex e-con-boxed e-con e-parent" data-id="de8d962" data-element_type="container" data-e-type="container">
					<div class="e-con-inner">
				<div class="elementor-element elementor-element-e8e9554 elementor-widget elementor-widget-text-editor" data-id="e8e9554" data-element_type="widget" data-e-type="widget" data-widget_type="text-editor.default">
				<div class="elementor-widget-container">
									<h4 style="text-align: center;"><strong>Gráficos estadísticos</strong></h4>								</div>
				</div>
				<div class="elementor-element elementor-element-3925b64 elementor-widget elementor-widget-html" data-id="3925b64" data-element_type="widget" data-e-type="widget" data-widget_type="html.default">
				<div class="elementor-widget-container">
					<iframe width="1000" height="763" src="https://lookerstudio.google.com/embed/reporting/24eb9218-1f6c-470f-9485-82687065ed6e/page/fMcHF" frameborder="0" style="border:0" allowfullscreen sandbox="allow-storage-access-by-user-activation allow-scripts allow-same-origin allow-popups allow-popups-to-escape-sandbox"></iframe>				</div>
				</div>
					</div>
				</div>
				</div>

<p>Incentivo Provincial para la Enseñanza (IPE) El Gobierno de La Rioja en acuerdo paritario provincial con los gremios, determinó el pago del Incentivo Provincial para la Enseñanza (IPE), para los ciclos lectivos 2024 y 2025. Gráficos estadísticos</p>
