{"id":1636,"date":"2025-06-13T12:28:38","date_gmt":"2025-06-13T15:28:38","guid":{"rendered":"https:\/\/larioja.edu.ar\/?page_id=1636"},"modified":"2025-06-23T12:44:25","modified_gmt":"2025-06-23T15:44:25","slug":"estudiantes","status":"publish","type":"page","link":"https:\/\/larioja.edu.ar\/index.php\/estudiantes\/","title":{"rendered":"Estudiantes"},"content":{"rendered":"\t\t<div data-elementor-type=\"wp-page\" data-elementor-id=\"1636\" class=\"elementor elementor-1636\" data-elementor-post-type=\"page\">\n\t\t\t\t<div class=\"elementor-element elementor-element-67b5bfc6 e-flex e-con-boxed e-con e-parent\" data-id=\"67b5bfc6\" data-element_type=\"container\" data-e-type=\"container\">\n\t\t\t\t\t<div class=\"e-con-inner\">\n\t\t\t\t<div class=\"elementor-element elementor-element-611a9b9 elementor-widget elementor-widget-spacer\" data-id=\"611a9b9\" data-element_type=\"widget\" data-e-type=\"widget\" data-widget_type=\"spacer.default\">\n\t\t\t\t<div class=\"elementor-widget-container\">\n\t\t\t\t\t\t\t<div class=\"elementor-spacer\">\n\t\t\t<div class=\"elementor-spacer-inner\"><\/div>\n\t\t<\/div>\n\t\t\t\t\t\t<\/div>\n\t\t\t\t<\/div>\n\t\t\t\t<div class=\"elementor-element elementor-element-51bfc88d elementor-widget elementor-widget-text-editor\" data-id=\"51bfc88d\" data-element_type=\"widget\" data-e-type=\"widget\" data-widget_type=\"text-editor.default\">\n\t\t\t\t<div class=\"elementor-widget-container\">\n\t\t\t\t\t\t\t\t\t\n<h3 style=\"text-align: center;\"><strong>Bienvenidos a tu espacio!<\/strong><\/h3>\n\n<blockquote class=\"wp-block-quote is-layout-flow wp-block-quote-is-layout-flow\">\n<p>Este es un lugar pensado especialmente para vos, donde vas a poder aprender, crear, compartir y crecer. Queremos acompa\u00f1arte en tu camino educativo con propuestas que te ayuden a descubrir tus talentos, desarrollar nuevas habilidades y comprender mejor el mundo que te rodea.<\/p>\n<\/blockquote>\n\n<p><\/p>\n\t\t\t\t\t\t\t\t<\/div>\n\t\t\t\t<\/div>\n\t\t\t\t\t<\/div>\n\t\t\t\t<\/div>\n\t\t<div class=\"elementor-element elementor-element-e88d5d2 e-flex e-con-boxed e-con e-parent\" data-id=\"e88d5d2\" data-element_type=\"container\" data-e-type=\"container\">\n\t\t\t\t\t<div class=\"e-con-inner\">\n\t\t\t\t<div class=\"elementor-element elementor-element-8e03ae2 elementor-widget elementor-widget-text-editor\" data-id=\"8e03ae2\" data-element_type=\"widget\" data-e-type=\"widget\" data-widget_type=\"text-editor.default\">\n\t\t\t\t<div class=\"elementor-widget-container\">\n\t\t\t\t\t\t\t\t\t\n<h3 style=\"text-align: center;\"><strong>Plan de alfabetizaci\u00f3n<\/strong><\/h3>\n\n<blockquote class=\"wp-block-quote is-layout-flow wp-block-quote-is-layout-flow\">\n<p>Sabemos lo importante que es leer, escribir y comprender para poder expresarte y aprender. Por eso, contamos con un plan de alfabetizaci\u00f3n pensado para que cada estudiante pueda avanzar a su ritmo, con materiales interactivos, juegos, desaf\u00edos y recursos que te acompa\u00f1an paso a paso.<\/p>\n<\/blockquote>\n\n<p><\/p>\n\t\t\t\t\t\t\t\t<\/div>\n\t\t\t\t<\/div>\n\t\t\t\t\t<\/div>\n\t\t\t\t<\/div>\n\t\t<div class=\"elementor-element elementor-element-886996b e-flex e-con-boxed e-con e-parent\" data-id=\"886996b\" data-element_type=\"container\" data-e-type=\"container\">\n\t\t\t\t\t<div class=\"e-con-inner\">\n\t\t\t\t<div class=\"elementor-element elementor-element-c1b01e8 elementor-widget elementor-widget-text-editor\" data-id=\"c1b01e8\" data-element_type=\"widget\" data-e-type=\"widget\" data-widget_type=\"text-editor.default\">\n\t\t\t\t<div class=\"elementor-widget-container\">\n\t\t\t\t\t\t\t\t\t\n<h3 style=\"text-align: center;\"><strong>Inclusi\u00f3n para todos<\/strong><\/h3>\n\n<blockquote class=\"wp-block-quote is-layout-flow wp-block-quote-is-layout-flow\">\n<p>Creemos en una escuela donde todas las voces cuentan. Promovemos una educaci\u00f3n inclusiva, respetuosa y accesible, donde se valoren las diferencias y se garantice que nadie quede afuera. Aqu\u00ed vas a encontrar recursos adaptados, apoyo personalizado y espacios para expresarte libremente.<\/p>\n<\/blockquote>\n\n<p><\/p>\n\t\t\t\t\t\t\t\t<\/div>\n\t\t\t\t<\/div>\n\t\t\t\t\t<\/div>\n\t\t\t\t<\/div>\n\t\t<div class=\"elementor-element elementor-element-8ed1262 e-flex e-con-boxed e-con e-parent\" data-id=\"8ed1262\" data-element_type=\"container\" data-e-type=\"container\">\n\t\t\t\t\t<div class=\"e-con-inner\">\n\t\t\t\t<div class=\"elementor-element elementor-element-ad6c588 elementor-widget elementor-widget-text-editor\" data-id=\"ad6c588\" data-element_type=\"widget\" data-e-type=\"widget\" data-widget_type=\"text-editor.default\">\n\t\t\t\t<div class=\"elementor-widget-container\">\n\t\t\t\t\t\t\t\t\t\n<h3 style=\"text-align: center;\"><strong>Programaci\u00f3n y rob\u00f3tica<\/strong><\/h3>\n\n<blockquote class=\"wp-block-quote is-layout-flow wp-block-quote-is-layout-flow\">\n<p>\u00a1El futuro es hoy! Te invitamos a sumarte al mundo de la tecnolog\u00eda con actividades de programaci\u00f3n y rob\u00f3tica. Aprend\u00e9 a crear tus propios juegos, resolver problemas con l\u00f3gica, construir robots y entender c\u00f3mo funciona lo que us\u00e1s todos los d\u00edas. No necesit\u00e1s experiencia previa: solo curiosidad y ganas de aprender.<\/p>\n<\/blockquote>\n\n<p><\/p>\n\t\t\t\t\t\t\t\t<\/div>\n\t\t\t\t<\/div>\n\t\t\t\t\t<\/div>\n\t\t\t\t<\/div>\n\t\t<div class=\"elementor-element elementor-element-ad99af1 e-flex e-con-boxed e-con e-parent\" data-id=\"ad99af1\" data-element_type=\"container\" data-e-type=\"container\">\n\t\t\t\t\t<div class=\"e-con-inner\">\n\t\t\t\t<div class=\"elementor-element elementor-element-65c9051 elementor-widget elementor-widget-text-editor\" data-id=\"65c9051\" data-element_type=\"widget\" data-e-type=\"widget\" data-widget_type=\"text-editor.default\">\n\t\t\t\t<div class=\"elementor-widget-container\">\n\t\t\t\t\t\t\t\t\t\n<h3 style=\"text-align: center;\"><strong>Educaci\u00f3n sexual integral (ESI)<\/strong><\/h3>\n\n<blockquote class=\"wp-block-quote is-layout-flow wp-block-quote-is-layout-flow\">\n<p>La ESI es parte de tu derecho a recibir una educaci\u00f3n completa. Ac\u00e1 vas a encontrar contenidos claros y respetuosos sobre el cuidado del cuerpo, la convivencia, la igualdad, las emociones, y mucho m\u00e1s. Queremos ayudarte a conocerte mejor, tomar decisiones responsables y construir v\u00ednculos sanos y libres de violencia.<\/p>\n<\/blockquote>\n\n<p><\/p>\n\t\t\t\t\t\t\t\t<\/div>\n\t\t\t\t<\/div>\n\t\t\t\t\t<\/div>\n\t\t\t\t<\/div>\n\t\t<div class=\"elementor-element elementor-element-d0f3c65 e-flex e-con-boxed e-con e-parent\" data-id=\"d0f3c65\" data-element_type=\"container\" data-e-type=\"container\">\n\t\t\t\t\t<div class=\"e-con-inner\">\n\t\t<div class=\"elementor-element elementor-element-5ec6f6c e-con-full e-flex e-con e-child\" data-id=\"5ec6f6c\" data-element_type=\"container\" data-e-type=\"container\" data-settings=\"{&quot;background_background&quot;:&quot;classic&quot;}\">\n\t\t<div class=\"elementor-element elementor-element-166deb4 e-con-full e-flex e-con e-child\" data-id=\"166deb4\" data-element_type=\"container\" data-e-type=\"container\">\n\t\t\t\t<div class=\"elementor-element elementor-element-a265d9d elementor-widget elementor-widget-image\" data-id=\"a265d9d\" data-element_type=\"widget\" data-e-type=\"widget\" data-widget_type=\"image.default\">\n\t\t\t\t<div class=\"elementor-widget-container\">\n\t\t\t\t\t\t\t\t\t\t\t\t\t\t\t<img decoding=\"async\" width=\"270\" height=\"170\" src=\"https:\/\/larioja.edu.ar\/wp-content\/uploads\/2025\/06\/robotica-1.png\" class=\"attachment-large size-large wp-image-1835\" alt=\"\" \/>\t\t\t\t\t\t\t\t\t\t\t\t\t\t\t<\/div>\n\t\t\t\t<\/div>\n\t\t\t\t<\/div>\n\t\t<div class=\"elementor-element elementor-element-2a83a73 e-con-full e-flex e-con e-child\" data-id=\"2a83a73\" data-element_type=\"container\" data-e-type=\"container\">\n\t\t\t\t<div class=\"elementor-element elementor-element-50d585b elementor-widget elementor-widget-image\" data-id=\"50d585b\" data-element_type=\"widget\" data-e-type=\"widget\" data-widget_type=\"image.default\">\n\t\t\t\t<div class=\"elementor-widget-container\">\n\t\t\t\t\t\t\t\t\t\t\t\t\t\t\t<img decoding=\"async\" width=\"270\" height=\"170\" src=\"https:\/\/larioja.edu.ar\/wp-content\/uploads\/2025\/06\/ESI1-1.png\" class=\"attachment-large size-large wp-image-1834\" alt=\"\" \/>\t\t\t\t\t\t\t\t\t\t\t\t\t\t\t<\/div>\n\t\t\t\t<\/div>\n\t\t\t\t<\/div>\n\t\t<div class=\"elementor-element elementor-element-e043b33 e-con-full e-flex e-con e-child\" data-id=\"e043b33\" data-element_type=\"container\" data-e-type=\"container\">\n\t\t\t\t<div class=\"elementor-element elementor-element-c68ff6e elementor-widget elementor-widget-image\" data-id=\"c68ff6e\" data-element_type=\"widget\" data-e-type=\"widget\" data-widget_type=\"image.default\">\n\t\t\t\t<div class=\"elementor-widget-container\">\n\t\t\t\t\t\t\t\t\t\t\t\t\t\t\t<img decoding=\"async\" width=\"270\" height=\"170\" src=\"https:\/\/larioja.edu.ar\/wp-content\/uploads\/2025\/06\/bullyng-2.png\" class=\"attachment-large size-large wp-image-1833\" alt=\"\" \/>\t\t\t\t\t\t\t\t\t\t\t\t\t\t\t<\/div>\n\t\t\t\t<\/div>\n\t\t\t\t<\/div>\n\t\t<div class=\"elementor-element elementor-element-4d49b3c e-con-full e-flex e-con e-child\" data-id=\"4d49b3c\" data-element_type=\"container\" data-e-type=\"container\">\n\t\t\t\t<div class=\"elementor-element elementor-element-4c498cc elementor-widget elementor-widget-image\" data-id=\"4c498cc\" data-element_type=\"widget\" data-e-type=\"widget\" data-widget_type=\"image.default\">\n\t\t\t\t<div class=\"elementor-widget-container\">\n\t\t\t\t\t\t\t\t\t\t\t\t\t\t\t<img loading=\"lazy\" decoding=\"async\" width=\"270\" height=\"170\" src=\"https:\/\/larioja.edu.ar\/wp-content\/uploads\/2025\/06\/inclusion-2.png\" class=\"attachment-large size-large wp-image-1836\" alt=\"\" \/>\t\t\t\t\t\t\t\t\t\t\t\t\t\t\t<\/div>\n\t\t\t\t<\/div>\n\t\t\t\t<\/div>\n\t\t\t\t<\/div>\n\t\t\t\t\t<\/div>\n\t\t\t\t<\/div>\n\t\t<div class=\"elementor-element elementor-element-8c72d8c e-flex e-con-boxed e-con e-parent\" data-id=\"8c72d8c\" data-element_type=\"container\" data-e-type=\"container\">\n\t\t\t\t\t<div class=\"e-con-inner\">\n\t\t\t\t<div class=\"elementor-element elementor-element-285ad40 elementor-widget elementor-widget-spacer\" data-id=\"285ad40\" data-element_type=\"widget\" data-e-type=\"widget\" data-widget_type=\"spacer.default\">\n\t\t\t\t<div class=\"elementor-widget-container\">\n\t\t\t\t\t\t\t<div class=\"elementor-spacer\">\n\t\t\t<div class=\"elementor-spacer-inner\"><\/div>\n\t\t<\/div>\n\t\t\t\t\t\t<\/div>\n\t\t\t\t<\/div>\n\t\t\t\t\t<\/div>\n\t\t\t\t<\/div>\n\t\t\t\t<\/div>\n\t\t","protected":false},"excerpt":{"rendered":"<p>Bienvenidos a tu espacio! Este es un lugar pensado especialmente para vos, donde vas a poder aprender, crear, compartir y crecer. Queremos acompa\u00f1arte en tu camino educativo con propuestas que te ayuden a descubrir tus talentos, desarrollar nuevas habilidades y comprender mejor el mundo que te rodea. Plan de alfabetizaci\u00f3n [&hellip;]<\/p>\n","protected":false},"author":2,"featured_media":0,"parent":0,"menu_order":0,"comment_status":"closed","ping_status":"closed","template":"page-templates\/template-fullwidth.php","meta":{"_themeisle_gutenberg_block_has_review":false,"footnotes":""},"class_list":["post-1636","page","type-page","status-publish","hentry"],"_links":{"self":[{"href":"https:\/\/larioja.edu.ar\/index.php\/wp-json\/wp\/v2\/pages\/1636","targetHints":{"allow":["GET"]}}],"collection":[{"href":"https:\/\/larioja.edu.ar\/index.php\/wp-json\/wp\/v2\/pages"}],"about":[{"href":"https:\/\/larioja.edu.ar\/index.php\/wp-json\/wp\/v2\/types\/page"}],"author":[{"embeddable":true,"href":"https:\/\/larioja.edu.ar\/index.php\/wp-json\/wp\/v2\/users\/2"}],"replies":[{"embeddable":true,"href":"https:\/\/larioja.edu.ar\/index.php\/wp-json\/wp\/v2\/comments?post=1636"}],"version-history":[{"count":46,"href":"https:\/\/larioja.edu.ar\/index.php\/wp-json\/wp\/v2\/pages\/1636\/revisions"}],"predecessor-version":[{"id":1928,"href":"https:\/\/larioja.edu.ar\/index.php\/wp-json\/wp\/v2\/pages\/1636\/revisions\/1928"}],"wp:attachment":[{"href":"https:\/\/larioja.edu.ar\/index.php\/wp-json\/wp\/v2\/media?parent=1636"}],"curies":[{"name":"wp","href":"https:\/\/api.w.org\/{rel}","templated":true}]}}